 = -28 - 47. Suppose -61 = -2*d + m. What is the tens digit of d?
4
Let g = -15 - -21. Let x(w) = -w**2 + 9*w - 7. What is the units digit of x(g)?
1
Suppose -2*q - 3*s = -7 - 2, -4*q + 3*s = -27. What is the units digit of q?
6
Let u(o) = o**2 - 3*o. Let v be u(3). Suppose -4*q + 10 + 2 = v. Suppose -2*f = a - 2*a + 4, -2*a + 43 = q*f. What is the tens digit of a?
1
Let z(h) = h + 8. Let p be z(7). Let f = p + 14. What is the tens digit of f?
2
Let v = -14 - -23. What is the units digit of -20*v/(-6) - 0?
0
Let v = -60 - -226. What is the tens digit of v?
6
Let f(n) = 2*n**2 - 3*n - 7. Let x be f(-5). Suppose -5*o = -168 + x. Suppose 4*i = 2*i + o. What is the units digit of i?
1
Let d = -4 + 6. Suppose 0 = -2*r + 2*a + 6, -d*a + 1 = 3*r + 2. Let j(i) = 10*i. What is the units digit of j(r)?
0
Let g = 12 - 16. Let s(t) = -2*t**2 + 5*t - 2*t + 4 + 0*t + 3*t**2. What is the units digit of s(g)?
8
Let c = 64 + -40. Suppose 2*g - 6*g = -c. What is the units digit of g?
6
Let y = 272 - 171. What is the units digit of y?
1
Suppose 27 = 3*k - 84. What is the tens digit of k?
3
Let c be 1/(-3) + (-57)/(-9). What is the units digit of c/5*10/4?
3
Let y = -3 - -3. Let p(c) = -2*c + 1. Let i be p(1). What is the tens digit of 2 + 8 + y - i?
1
Suppose 7*w + 24 = 3*w. Let m = w + 4. What is the units digit of 9 - (-2 - m - 2)?
1
Suppose 3*v - i = 7 + 5, 4*v - i - 17 = 0. What is the units digit of v?
5
Suppose 0 = -4*j - 0*j + 4. What is the units digit of 42/18 - j/3?
2
Suppose -3*p + 2*c - 14 = 0, -5*p + 3*c - 22 = -0*c. Let f = 21 - p. What is the tens digit of f?
2
Suppose 281*f - 280*f = 103. What is the tens digit of f?
0
Let c(v) = -v**3 - 8*v**2 - v - 3. Let b be c(-8). Suppose b*q - 58 = -18. What is the units digit of q?
8
Suppose z + 14 = -0*z. Let l = z - -20. What is the units digit of l?
6
Suppose -5*b + t + 1 = 0, t - 5 = 3*b - 4. Let h(m) = 10*m + 2. What is the units digit of h(b)?
2
Let b(d) = 3*d - 1. Let p be b(2). Suppose -5*r + 18 = 2*o + p, 7 = 3*o - 5*r. Suppose f - 18 = -5*i + o*f, 2*f + 5 = i. What is the units digit of i?
3
What is the units digit of (-2*46/(-4))/1?
3
Suppose -3*w = t - 196, 0 = 4*w - t - 312 + 46. Suppose -w = -8*j + 6*j. What is the tens digit of j?
3
What is the units digit of ((-284)/12)/((-3)/9)?
1
Let h = -5 + 17. What is the tens digit of h?
1
Suppose m + 0*m - 4 = 0. Let x = 4 - 1. What is the units digit of m - x - 0/2?
1
Let z = -2 + 2. Suppose z = -2*m - 15 - 3. Let r = -4 - m. What is the units digit of r?
5
Let l = 4 - 2. Suppose -14 = 3*f - l*j - 79, -4*f + j = -80. Suppose f = x + 5. What is the units digit of x?
4
Let y(b) = -b**3 - 10*b**2 - 9*b + 12. What is the units digit of y(-9)?
2
Suppose 0 = 4*o - 3*o - 19. Suppose 3*u + 13 = -u + 5*y, -o = 2*u - 5*y. What is the units digit of (-2)/(-4)*u*6?
9
Let c(s) = -s - 5 - 2 + 5. Let w be c(-5). Suppose -p - 6 = -w*p. What is the units digit of p?
3
Let x be (-19)/2 - (-2)/(-4). Let j be 24/(-6)*15/12. Let r = j - x. What is the units digit of r?
5
Let h be 10/(-3)*(-36)/30. Suppose f - 74 = -4*l - 22, h*f + 16 = 0. What is the units digit of l?
4
Suppose 5*g + 0 + 5 = 0. Let q be (-3 - -2)/(g/(-2)). What is the units digit of q/(-8) + 38/8?
5
Let l = -140 + 288. Suppose -5*a - 2*o + 157 = -19, -4*a + l = 4*o. What is the units digit of a?
4
Let f = -12 - -12. Suppose -24 = -f*p - p. What is the units digit of p?
4
Let g = 0 + -3. Let f(v) be the first derivative of 2*v**3/3 + v**2/2 - 3*v + 5. What is the units digit of f(g)?
2
Let d(u) = u**3 + 12*u**2 - 11*u + 19. Let a be d(-13). What is the units digit of (-4)/8*(a + -1)?
4
Let w(y) = y**2 + 16*y + 16. Let a be w(-12). Let p = a - -51. What is the tens digit of p?
1
Suppose -4*o + 20 = 0, -5*o = -2*p - 3*p + 10. Let x = -10 + p. Let q(s) = -3*s - 4. What is the units digit of q(x)?
5
Suppose -2*u = 2*a - 346, -5*u - 366 - 8 = -2*a. What is the tens digit of a?
7
Suppose -2*b + 0*b = -16. Suppose 2*p - b = -0*p. What is the units digit of p?
4
Suppose 101*d + 354 = 103*d. What is the units digit of d?
7
Let g(c) = 13*c**2 - 13*c + 7. Let x(f) = -4*f**2 + 4*f - 2. Let m(p) = -2*g(p) - 7*x(p). Suppose -v + 8 = 3*v. What is the units digit of m(v)?
4
Let j(d) = d**2 + 2. Suppose -5*g = -5*z - 5, -3*z = -2*g - 2*g + 5. Let p be j(g). Suppose s = p + 11. What is the tens digit of s?
1
Let f = -23 + 135. What is the hundreds digit of f?
1
Let t(f) = 32*f - 10. What is the tens digit of t(7)?
1
Suppose -24 = -3*v - 3*w, -3*v - 3*w + w = -21. What is the units digit of v?
5
Suppose 0 = 7*n + 6 - 48. What is the units digit of n?
6
What is the tens digit of 294/9*(-6)/(-4)?
4
Let j = -258 + 496. What is the units digit of j?
8
Let k(f) = f**3 + 2*f**2 + 2. Let i be k(-2). Suppose 3*o - w = 2, -7 = -3*o - 0*o + i*w. Let l(y) = -14*y. What is the units digit of l(o)?
4
Suppose 4 = 2*f - 2*x, 0 = -f + 2*x - 2 - 0. What is the units digit of f?
6
Let n be (-3 + 2 - -1)*1. Let f(u) = -u**2 - u + 2. Let m be f(n). Suppose -r + m*r = 6. What is the units digit of r?
6
Suppose 2*t - 2*j - 26 = 130, 2*j = -t + 66. What is the tens digit of t?
7
Let c(s) = -s + 2. Let r be c(-3). Suppose 0 = -3*u - 5*p + 2, 2*p = r*u - p - 60. What is the units digit of u?
9
Suppose q = 2 + 10. What is the tens digit of (-9)/(-3)*104/q?
2
What is the hundreds digit of (-8)/(-2) + (-13 - -183) - -3?
1
Let u(l) = 2*l**3 - 3*l**2 + 4*l - 1. What is the hundreds digit of u(5)?
1
Let c(p) = -p + 3. Let x be c(5). Let i be (12/(-16))/(x/(-16)). What is the units digit of (-46)/i - (-1)/3?
8
Let w = -24 + 146. What is the tens digit of w?
2
Let r(p) = -p**3 + p**2 - p + 1. Let z(w) = -w**3 + 8*w**2 - 6*w + 5. Let m(k) = -2*r(k) + z(k). What is the tens digit of m(-6)?
2
Suppose 0 = -7*i + 3*i + 8. Let o(r) = r**3 - 5*r**2 + 2*r - 6. Let m be o(5). Suppose -5*f + m*x - i*x = -9, x = 2*f - 4. What is the units digit of f?
1
Let l = -2 + 2. Suppose -3*x + 0*x + 27 = l. What is the units digit of x?
9
What is the tens digit of 42/4 - (-1)/(-2)?
1
Let a = 163 - 82. What is the tens digit of a?
8
Let x(f) be the third derivative of -3*f**2 - 1/24*f**4 + 0*f + 0 + 2/3*f**3. What is the units digit of x(-9)?
3
Let t = -80 - -142. What is the tens digit of t?
6
What is the tens digit of ((-52)/(-5))/((-54)/60 - -1)?
0
Let s = -11 - -14. Suppose 18 + 22 = s*i - 5*l, 0 = 4*i - 2*l - 44. What is the tens digit of i?
1
Let z(k) = -k**3 + 5*k**2 - 4*k - 1. What is the units digit of z(3)?
5
Suppose -178 - 115 = -a - 5*d, -2*a + d + 542 = 0. What is the units digit of a?
3
Let x(o) = o**3 + o**2 + o + 15. Suppose 0 = 2*d + 2*k - 6, 2*d - 5 = -4*k + 7. What is the tens digit of x(d)?
1
Let t be 3/(-9) + 22/(-6). What is the tens digit of t*(-1 - 6/3)?
1
Let g(s) = s + 9. Let n(c) = -10*c**2 + 4*c**3 - c**3 - 4*c**3 + 0*c**2. Let v be n(-10). What is the units digit of g(v)?
9
Let u(v) = 3*v - 5. Let i be u(-10). Let c = -8 - i. What is the units digit of c?
7
Let s be -5 + 0 - (-22)/11. What is the units digit of -3*s/(18/20)?
0
Suppose 3*q + 2*y + 0*y - 3730 = 0, 5*q - y = 6221. What is the tens digit of q/32 + 3/24?
3
Suppose -4*g = -334 + 98. What is the units digit of g?
9
Let r = -11 - -8. Let v = r - -17. What is the units digit of 325/35 + (-4)/v?
9
What is the tens digit of (2/4 + -1)/(2/(-288))?
7
Let b = 35 - 13. What is the tens digit of b?
2
Let z be 1/(-2) - 62/4. What is the units digit of ((-3)/(-2))/((-4)/z)?
6
Suppose 0 = -8*s + 397 + 43. What is the tens digit of s?
5
Let o = -3 + 12. What is the units digit of o?
9
Let i(a) = 3*a**3 + a**2 + a + 2. Suppose -n + 3*m - 2 + 10 = 0, 6 = -3*m. What is the units digit of i(n)?
2
Let a(n) be the first derivative of n**4/4 + 7*n**3/3 + 3*n**2/2 - 3. What is the tens digit of a(-5)?
3
Let a = -5 + 11. Let v be (2 + 0)*21/a. Suppose 0 = -3*o - 4 + v. What is the units digit of o?
1
Let v be -5*(-2)/(-15)*-6. Let g(o) = o**2 - 4*o + 5. Let m be g(4). Suppose 0 = -d + m, -5*u - v*d - 1 = -36. What is the units digit of u?
3
Suppose 2*v + 3*v - 5*l + 15 = 0, 6 = 4*v + 2*l. Let q(p) = -p + 10. Let m be q(v). Suppose 4 = 2*g - m. What is the units digit of g?
7
Let i be (8/5)/(2/5). What is the tens digit of i*-1*(2 - 6)?
1
Let r = 106 - 52. What is the units digit of r?
4
Suppose 0*c = 5*c -